900*-15)/((-2)/326724)?
2
Let t(d) = 20*d**2 - 18*d - 28*d + 44*d - 3. What is the tens digit of t(-1)?
1
Let q = -531 - -514. Let i(p) = -p**3 - 13*p**2 - 20*p + 37. What is the units digit of i(q)?
3
Let b = 571 - -8180. What is the units digit of b?
1
Let v = -14544 - -14860. What is the hundreds digit of v?
3
Let t(u) = -385*u + 1124. What is the units digit of t(-32)?
4
Let w be (-36)/4 + 4 + 7. Suppose -5 = -w*r + 13. Suppose 2*j + 1687 = r*j. What is the tens digit of j?
4
Let x(p) = 8868*p + 7076. What is the ten thousands digit of x(4)?
4
Let j = 35546 - 25211. What is the tens digit of j?
3
Let j(p) = -2*p**2 + 31*p - 9. Suppose 42 = -2*s + 60. Let r = 22 - s. What is the tens digit of j(r)?
5
Suppose 1323 = 2*r - 4*u - 329, 4*r = -3*u + 3293. Suppose 7*h = 3*h + 16, -2*f + r = 2*h. What is the tens digit of f?
0
Let w(v) = -15*v**3 - 3*v - 1. Let i be w(-2). Suppose 192 = 11*q - 6. Let c = i - q. What is the units digit of c?
7
Let t(b) = 24*b**2 - 26*b + 13. What is the ten thousands digit of t(-24)?
1
Suppose -3*q + 2*j + 13743 = -18351, -4*j = -4*q + 42784. What is the units digit of q?
2
Let g be 6/4*(-4)/1. Let h(w) = -55*w + 6. Let q(o) = 2. Let f(j) = g*q(j) + h(j). What is the hundreds digit of f(-5)?
2
Let z(w) = w**3 - 17*w - 65. Let n be z(-7). Let q = 808 + n. What is the units digit of q?
9
Let w be (-14)/(-8) + 77/(-28) + 3. Let r be (-4)/12*(-11 + w). Suppose f = o - 4*f - 267, -r*f = o - 243. What is the units digit of o?
2
Suppose 3*p - 12*s = -11*s + 81237, 5*p = -2*s + 135417. What is the thousands digit of p?
7
Let m(h) = h**3 + 37*h**2 + 69*h - 95. What is the thousands digit of m(-28)?
5
Let p be 224/98 + 2/(-7). Let l(c) = -2*c + 19*c + c**2 + p*c**2 + 23 - 4*c**2. What is the units digit of l(17)?
3
Let s = -453 + 566. Suppose -s*q - 1236 = -115*q. What is the hundreds digit of q?
6
Let b(h) = 6581*h - 5394. What is the hundreds digit of b(6)?
0
Let v = 10627 - 7195. What is the thousands digit of v?
3
Suppose -4*z = 2*o - 3719 + 307, -4*z + 5110 = 3*o. What is the thousands digit of o?
1
Let p = 3 - 2. Let q(f) = 175*f**2 - 12*f + 39. Let d(g) = 35*g**2 - 2*g + 7. Let z(i) = 11*d(i) - 2*q(i). What is the units digit of z(p)?
6
Let r(o) = -2*o + 4*o**3 - 2*o**3 - 8 + 33*o - 3 - 18*o**2 - 15. What is the tens digit of r(11)?
9
Suppose -200236 = -23*l + 290727 + 671871. What is the units digit of l?
8
Suppose 364*v = 337*v + 76086. What is the thousands digit of v?
2
Suppose 2*a = 15*a + 6188. Let g = 844 + a. What is the hundreds digit of g?
3
Let j = 6 + -11. Let c be (j + -101)*(-6)/4. Suppose -2*r - 4*s = -338, c = r - s - 2*s. What is the units digit of r?
5
Suppose -23*x = 63*x - 352944. What is the tens digit of x?
0
Suppose 314*m + 187*m - 13754955 = 0. What is the hundreds digit of m?
4
Let n(h) = 16*h**2 - 200*h + 20. Suppose 95 = 8*v - 57. What is the tens digit of n(v)?
9
Suppose 0 = -28*h + 26*h + 4. Let c(r) = 39*r**2 - 4*r - 1. What is the units digit of c(h)?
7
What is the hundreds digit of (-67240)/(-160) + -4 + (-7)/(28/(-15))?
4
Let n(s) = -8*s + 28. Let w be n(5). What is the tens digit of w/(-9) - (-17856)/54?
3
Let l = 1286 - -12105. What is the hundreds digit of l?
3
What is the thousands digit of 12 + -14 + (-72604)/(-14)?
5
Suppose -6599 = 27*t + 49*t - 410387. What is the hundreds digit of t?
3
Suppose -4*r + 2*m + 1686 = 0, -5*r + 0*m + 2135 = 3*m. Let z be r/(-32) - -6*1/(-8). Let c = 32 + z. What is the tens digit of c?
1
Let p(o) = o**3 + 13*o**2 - 3*o - 36. Let x be p(-15). Let t = x - -747. What is the tens digit of t?
0
Suppose -9*q + 4*q = -3*q - 49054. What is the thousands digit of q?
4
Suppose -3*q = 0, 8 = -d - q + 7. Let u(t) = 2 - 24*t - 5 + 4. What is the units digit of u(d)?
5
Suppose -5*g = -5*c + 53495, 2*c + 3*c - 53491 = 3*g. Suppose -70*y - c = -89*y. What is the units digit of y?
3
Suppose 0 = z + 5*f - 6006, f - 17962 = 210*z - 213*z. What is the thousands digit of z?
5
Suppose -8*r = 58*r - 2150148. What is the ten thousands digit of r?
3
Suppose 219*b - 220*b + 14953 = 5*f, 5*b = 4*f + 74823. What is the ten thousands digit of b?
1
Suppose 10*p + h = 4*p + 70641, -2*h = 6. What is the ten thousands digit of p?
1
Let p(y) = 5*y**2 - 17*y + 31. Let t(q) = q**2 - 4*q + 8. Let f(u) = 2*p(u) - 9*t(u). Let h be f(3). What is the tens digit of (-12*h/50)/(6/(-740))?
4
Let i = -55 - -57. Let x(j) = j**3 - j**2 - 2*j + 2. Let z be x(i). Suppose z*f + 75 = 263. What is the units digit of f?
4
Suppose 118273 = 26*b - 29069. What is the hundreds digit of b?
6
Suppose 75*f - 15*f = -164*f + 1101632. What is the tens digit of f?
1
Suppose 0 = 3*u - 2*b - 29, 0 = u - 2*u - b + 8. Let j be (u/(-18))/((-2)/4). Suppose j = k + 6, n + 4*k - 25 = 0. What is the tens digit of n?
4
Suppose 0 = 19*b + 769 - 16083. What is the tens digit of b?
0
Suppose -7 = -8*m + 9. Let c(v) = 49*v**3 - 4*v**2 + 3*v. Let b be c(m). Suppose 2*g = 5*r + 52 - b, -179 = -3*r + 5*g. What is the tens digit of r?
6
Suppose 0 = -2*a + 5*l + 9045, 9042 = 2*a + 7*l - 9*l. Let f = a - 3169. What is the hundreds digit of f?
3
Let m(h) = 99*h**2 + 4*h + 1. Suppose 4*c + 20*q = 24*q - 20, 4*c - 2*q = -14. What is the tens digit of m(c)?
8
Let p(u) = 7*u - 59. Let c(l) = 7*l**2 - 4*l + 1. Let h be c(2). Let n be p(h). What is the hundreds digit of (13/4)/(2/n)?
1
Suppose 53*u + 22*u - 732720 = 35*u. What is the ten thousands digit of u?
1
Let k be 18/30 - 7/(-5). Let t(h) = 14*h**2 - h**3 + 12*h + 10 - h + 11*h - k*h. What is the units digit of t(15)?
5
Suppose -4*r = -16*c + 11*c + 17, 0 = r - 5*c + 23. Let d(z) be the second derivative of z**4/3 - z**3/3 - z. What is the tens digit of d(r)?
1
Let w = -58 - -63. Let u be (126/w)/((-6)/(-40)). Suppose -152 = -m - 3*m + 3*s, 4*m + s = u. What is the tens digit of m?
4
Let o(s) = -3937*s - 369. What is the tens digit of o(-11)?
3
Let x be 1 + (-12 - -5 - -671). Let s = 1094 - x. What is the tens digit of s?
2
Let f = 94 + -91. Let a(q) = q + 34*q**2 - f*q + 11*q - 15 + q. What is the units digit of a(2)?
1
Let x = 129 - 128. Suppose u - x = 3. Suppose -198 = 3*y - 2*c - 740, 4*y + u*c = 716. What is the tens digit of y?
8
Let q(v) = -1587*v + 3656. What is the hundreds digit of q(-23)?
1
Suppose 12*r = 3550 + 46550. What is the units digit of r?
5
Let r(m) be the second derivative of -14*m**3/3 - 37*m**2/2 - 5*m - 1500. Let a(f) = -f - 1. Let w be a(3). What is the tens digit of r(w)?
7
Let k = 9729 + -3083. What is the hundreds digit of k?
6
Let q(o) be the second derivative of o**5/20 - o**4/2 - 25*o**3/6 - o**2 + 2*o + 67. What is the tens digit of q(13)?
5
Let l(g) = 10*g + 4. Let b be l(0). Suppose -p - 3*c - 32 = 0, 5*p - b*c + 2*c + 75 = 0. Let y(w) = -w**2 - 23*w - 6. What is the units digit of y(p)?
6
Suppose 12142 + 62 = 4*i. Suppose -7662 = -5*l + u, -6*l + i = -4*l - 5*u. What is the units digit of l?
3
Let a = -2644 - -2545. Let p(g) = -6*g. Let u be p(3). Let d = u - a. What is the tens digit of d?
8
Let w(p) = -76*p + 7*p**2 - 2 + 0 + 75*p. What is the units digit of w(-5)?
8
Let c = -19481 - -62193. What is the thousands digit of c?
2
Suppose -5*m - 10 = 5*f, 2*f + 5 + 11 = 4*m. Let k(g) = g**2 - 7*g + 9*g + 16 + 16*g - m*g**2. What is the units digit of k(17)?
3
Let c = 93 - 92. Let q be (7 + -3)*(2 + c). Suppose -816 = 4*m - q*m. What is the hundreds digit of m?
1
Let g = -156 + 63. Let b = -102 - g. What is the hundreds digit of 25*(2 + b)/(1 + -2)?
1
Let n = 93 + -93. Suppose 5*g + 0*f = f + 1407, n = -2*f + 6. What is the tens digit of g?
8
Let j be 3 + -1 - -1*151. Suppose 70*q - 231 = -21. What is the tens digit of (2/q)/(0 + 6/j)?
1
Let a = -811 - -761. Let q = 24 + -46. Let r = q - a. What is the tens digit of r?
2
Suppose -1260 = 269*l - 272*l. Suppose -15*a + l = 5*a. What is the tens digit of a?
2
Let l(w) = -3*w**3 - 5*w**2 + w + 8 - 5*w**3 + 8*w**2 + 3*w**3 + 6*w**3. What is the units digit of l(-3)?
5
Let q = -348 + 228. What is the tens digit of q*(6/(-4))/((-96)/(-256))?
8
Let d be (3 + -4)/((-11)/44). Suppose r = 2, -1513 = -d*k - 5*r + 761. What is the tens digit of k?
6
Let l(n) = n**3 - 31*n**2 + 5*n - 58. What is the hundreds digit of l(37)?
3
Let b(n) = 462*n**2 - 357*n + 3475. What is the thousands digit of b(10)?
6
Suppo